{"id":5633,"date":"2017-10-10T10:15:19","date_gmt":"2017-10-10T10:15:19","guid":{"rendered":"https:\/\/bdthemes.net\/demo\/wordpress\/parlour\/?page_id=5633"},"modified":"2023-06-14T18:56:01","modified_gmt":"2023-06-14T17:56:01","slug":"kapcsolat","status":"publish","type":"page","link":"https:\/\/catwalk.mrzdevelopment.com\/?page_id=5633","title":{"rendered":"Kapcsolat"},"content":{"rendered":"\t\t<div data-elementor-type=\"wp-page\" data-elementor-id=\"5633\" class=\"elementor elementor-5633\" data-elementor-settings=\"[]\">\n\t\t\t<div class=\"elementor-inner\">\n\t\t\t\t<div class=\"elementor-section-wrap\">\n\t\t\t\t\t\t\t<section class=\"elementor-element elementor-element-iricqil elementor-section-boxed elementor-section-height-default elementor-section-height-default elementor-section elementor-top-section\" data-id=\"iricqil\" data-element_type=\"section\" data-settings=\"{&quot;background_background&quot;:&quot;classic&quot;}\">\n\t\t\t\t\t\t<div class=\"elementor-container elementor-column-gap-default\">\n\t\t\t\t<div class=\"elementor-row\">\n\t\t\t\t<div class=\"elementor-element elementor-element-dsdccvq elementor-invisible elementor-column elementor-col-33 elementor-top-column\" data-id=\"dsdccvq\" data-element_type=\"column\" data-settings=\"{&quot;animation&quot;:&quot;fadeInLeft&quot;}\">\n\t\t\t<div class=\"elementor-column-wrap  elementor-element-populated\">\n\t\t\t\t\t<div class=\"elementor-widget-wrap\">\n\t\t\t\t<div class=\"elementor-element elementor-element-vcmezwx elementor-widget elementor-widget-featured-icon-box\" data-id=\"vcmezwx\" data-element_type=\"widget\" data-widget_type=\"featured-icon-box.default\">\n\t\t\t\t<div class=\"elementor-widget-container\">\n\t\t\t\n\t\t<div class=\"bdt-featured-icon-box uk-text-center\">\n\t\t    <div class=\"icon_list_item\">\n\t\t        <div class=\"icon-list-icon-wrapper\">\n\t\t            <div class=\"icon-list-icon\">\n\t\t\t\t\t\t<span class=\"list-img-icon\" uk-icon=\"icon: location\"><\/span>\t\t            <\/div>\n\t\t        <\/div>\n\t\t        <div class=\"icon-list-desc uk-dark\">\n\t\t            <h3>C\u00edm<\/h3>\n\t\t            <div class=\"icon_description_text\">\n\t\t             1024 Budapest, F\u00e9nyes Elek utca 5.\t\t             \t\t            <\/div>\n\t\t        <\/div>\n\t\t        <div class=\"clearfix\"><\/div>\n\t\t    <\/div>\n\t\t<\/div>\n\n\t\t\t\t<\/div>\n\t\t\t\t<\/div>\n\t\t\t\t\t\t<\/div>\n\t\t\t<\/div>\n\t\t<\/div>\n\t\t\t\t<div class=\"elementor-element elementor-element-uymdxti elementor-invisible elementor-column elementor-col-33 elementor-top-column\" data-id=\"uymdxti\" data-element_type=\"column\" data-settings=\"{&quot;animation&quot;:&quot;fadeInDown&quot;,&quot;animation_delay&quot;:100}\">\n\t\t\t<div class=\"elementor-column-wrap  elementor-element-populated\">\n\t\t\t\t\t<div class=\"elementor-widget-wrap\">\n\t\t\t\t<div class=\"elementor-element elementor-element-qdrfpnm elementor-widget elementor-widget-featured-icon-box\" data-id=\"qdrfpnm\" data-element_type=\"widget\" data-widget_type=\"featured-icon-box.default\">\n\t\t\t\t<div class=\"elementor-widget-container\">\n\t\t\t\n\t\t<div class=\"bdt-featured-icon-box uk-text-center\">\n\t\t    <div class=\"icon_list_item\">\n\t\t        <div class=\"icon-list-icon-wrapper\">\n\t\t            <div class=\"icon-list-icon\">\n\t\t\t\t\t\t<span class=\"list-img-icon\" uk-icon=\"icon: phone\"><\/span>\t\t            <\/div>\n\t\t        <\/div>\n\t\t        <div class=\"icon-list-desc uk-dark\">\n\t\t            <h3>Telefonsz\u00e1m<\/h3>\n\t\t            <div class=\"icon_description_text\">\n\t\t             +36 30 601 80 70\t\t             \t\t            <\/div>\n\t\t        <\/div>\n\t\t        <div class=\"clearfix\"><\/div>\n\t\t    <\/div>\n\t\t<\/div>\n\n\t\t\t\t<\/div>\n\t\t\t\t<\/div>\n\t\t\t\t<div class=\"elementor-element elementor-element-51b5cfa elementor-widget elementor-widget-featured-icon-box\" data-id=\"51b5cfa\" data-element_type=\"widget\" data-widget_type=\"featured-icon-box.default\">\n\t\t\t\t<div class=\"elementor-widget-container\">\n\t\t\t\n\t\t<div class=\"bdt-featured-icon-box uk-text-center\">\n\t\t    <div class=\"icon_list_item\">\n\t\t        <div class=\"icon-list-icon-wrapper\">\n\t\t            <div class=\"icon-list-icon\">\n\t\t\t\t\t\t<span class=\"list-img-icon\" uk-icon=\"icon: facebook\"><\/span>\t\t            <\/div>\n\t\t        <\/div>\n\t\t        <div class=\"icon-list-desc uk-dark\">\n\t\t            <h3>Facebook<\/h3>\n\t\t            <div class=\"icon_description_text\">\n\t\t             catwalkbio\t\t             \t\t                <a href=\"https:\/\/www.facebook.com\/catwalkbio\" target=\"_self\" class=\"icon-list-link\">\n\t\t                \t<span uk-icon=\"icon: arrow-right\"><\/span>\n\t\t                <\/a>\n\t\t             \t\t            <\/div>\n\t\t        <\/div>\n\t\t        <div class=\"clearfix\"><\/div>\n\t\t    <\/div>\n\t\t<\/div>\n\n\t\t\t\t<\/div>\n\t\t\t\t<\/div>\n\t\t\t\t\t\t<\/div>\n\t\t\t<\/div>\n\t\t<\/div>\n\t\t\t\t<div class=\"elementor-element elementor-element-ejfzbus elementor-invisible elementor-column elementor-col-33 elementor-top-column\" data-id=\"ejfzbus\" data-element_type=\"column\" data-settings=\"{&quot;animation&quot;:&quot;fadeInRight&quot;,&quot;animation_delay&quot;:200}\">\n\t\t\t<div class=\"elementor-column-wrap  elementor-element-populated\">\n\t\t\t\t\t<div class=\"elementor-widget-wrap\">\n\t\t\t\t<div class=\"elementor-element elementor-element-qtqoesd elementor-widget elementor-widget-featured-icon-box\" data-id=\"qtqoesd\" data-element_type=\"widget\" data-widget_type=\"featured-icon-box.default\">\n\t\t\t\t<div class=\"elementor-widget-container\">\n\t\t\t\n\t\t<div class=\"bdt-featured-icon-box uk-text-center\">\n\t\t    <div class=\"icon_list_item\">\n\t\t        <div class=\"icon-list-icon-wrapper\">\n\t\t            <div class=\"icon-list-icon\">\n\t\t\t\t\t\t<span class=\"list-img-icon\" uk-icon=\"icon: mail\"><\/span>\t\t            <\/div>\n\t\t        <\/div>\n\t\t        <div class=\"icon-list-desc uk-dark\">\n\t\t            <h3>Email<\/h3>\n\t\t            <div class=\"icon_description_text\">\n\t\t             catwalkbio@gmail.com\t\t             \t\t            <\/div>\n\t\t        <\/div>\n\t\t        <div class=\"clearfix\"><\/div>\n\t\t    <\/div>\n\t\t<\/div>\n\n\t\t\t\t<\/div>\n\t\t\t\t<\/div>\n\t\t\t\t\t\t<\/div>\n\t\t\t<\/div>\n\t\t<\/div>\n\t\t\t\t\t\t<\/div>\n\t\t\t<\/div>\n\t\t<\/section>\n\t\t\t\t<section class=\"elementor-element elementor-element-6e0e8e7 elementor-section-boxed elementor-section-height-default elementor-section-height-default elementor-section elementor-top-section\" data-id=\"6e0e8e7\" data-element_type=\"section\">\n\t\t\t\t\t\t<div class=\"elementor-container elementor-column-gap-default\">\n\t\t\t\t<div class=\"elementor-row\">\n\t\t\t\t<div class=\"elementor-element elementor-element-9debc45 elementor-column elementor-col-100 elementor-top-column\" data-id=\"9debc45\" data-element_type=\"column\">\n\t\t\t<div class=\"elementor-column-wrap  elementor-element-populated\">\n\t\t\t\t\t<div class=\"elementor-widget-wrap\">\n\t\t\t\t<div class=\"elementor-element elementor-element-a5ca42a elementor-widget elementor-widget-google_maps\" data-id=\"a5ca42a\" data-element_type=\"widget\" data-widget_type=\"google_maps.default\">\n\t\t\t\t<div class=\"elementor-widget-container\">\n\t\t\t<div class=\"elementor-custom-embed\"><iframe frameborder=\"0\" scrolling=\"no\" marginheight=\"0\" marginwidth=\"0\" src=\"https:\/\/maps.google.com\/maps?q=1024%20Budapest%20F%C3%A9nyes%20Elek%20utca%205.&amp;t=m&amp;z=15&amp;output=embed&amp;iwloc=near\" aria-label=\"1024 Budapest F\u00e9nyes Elek utca 5.\"><\/iframe><\/div>\t\t<\/div>\n\t\t\t\t<\/div>\n\t\t\t\t\t\t<\/div>\n\t\t\t<\/div>\n\t\t<\/div>\n\t\t\t\t\t\t<\/div>\n\t\t\t<\/div>\n\t\t<\/section>\n\t\t\t\t\t\t<\/div>\n\t\t\t<\/div>\n\t\t<\/div>\n\t\t","protected":false},"excerpt":{"rendered":"<p>C\u00edm 1024 Budapest, F\u00e9nyes Elek utca 5. Telefonsz\u00e1m +36 30 601 80 70 Facebook catwalkbio Email catwalkbio@gmail.com<\/p>\n","protected":false},"author":1,"featured_media":0,"parent":0,"menu_order":0,"comment_status":"closed","ping_status":"closed","template":"","meta":[],"_links":{"self":[{"href":"https:\/\/catwalk.mrzdevelopment.com\/index.php?rest_route=\/wp\/v2\/pages\/5633"}],"collection":[{"href":"https:\/\/catwalk.mrzdevelopment.com\/index.php?rest_route=\/wp\/v2\/pages"}],"about":[{"href":"https:\/\/catwalk.mrzdevelopment.com\/index.php?rest_route=\/wp\/v2\/types\/page"}],"author":[{"embeddable":true,"href":"https:\/\/catwalk.mrzdevelopment.com\/index.php?rest_route=\/wp\/v2\/users\/1"}],"replies":[{"embeddable":true,"href":"https:\/\/catwalk.mrzdevelopment.com\/index.php?rest_route=%2Fwp%2Fv2%2Fcomments&post=5633"}],"version-history":[{"count":12,"href":"https:\/\/catwalk.mrzdevelopment.com\/index.php?rest_route=\/wp\/v2\/pages\/5633\/revisions"}],"predecessor-version":[{"id":7965,"href":"https:\/\/catwalk.mrzdevelopment.com\/index.php?rest_route=\/wp\/v2\/pages\/5633\/revisions\/7965"}],"wp:attachment":[{"href":"https:\/\/catwalk.mrzdevelopment.com\/index.php?rest_route=%2Fwp%2Fv2%2Fmedia&parent=5633"}],"curies":[{"name":"wp","href":"https:\/\/api.w.org\/{rel}","templated":true}]}}